
What is the remainder when 41 is divided by 24?
17
What is the remainder when 6102 is divided by 111?
108
Calculate the remainder when 647 is divided by 31.
27
What is the remainder when 890 is divided by 296?
2
Calculate the remainder when 192 is divided by 31.
6
Calculate the remainder when 2051 is divided by 147.
140
What is the remainder when 1413 is divided by 54?
9
Calculate the remainder when 95 is divided by 27.
14
What is the remainder when 52 is divided by 9?
7
Calculate the remainder when 26367 is divided by 30.
27
Calculate the remainder when 2120 is divided by 58.
32
Calculate the remainder when 5935 is divided by 60.
55
What is the remainder when 714 is divided by 51?
0
Calculate the remainder when 1859 is divided by 927.
5
Calculate the remainder when 3571 is divided by 25.
21
Calculate the remainder when 14891 is divided by 49.
44
Calculate the remainder when 1581 is divided by 24.
21
Calculate the remainder when 330 is divided by 40.
10
Calculate the remainder when 1169 is divided by 117.
116
What is the remainder when 8069 is divided by 299?
295
Calculate the remainder when 1598 is divided by 1583.
15
What is the remainder when 816 is divided by 115?
11
What is the remainder when 2013 is divided by 168?
165
What is the remainder when 8698 is divided by 15?
13
What is the remainder when 2852 is divided by 259?
3
What is the remainder when 1860 is divided by 25?
10
What is the remainder when 3 is divided by 2?
1
Calculate the remainder when 369 is divided by 53.
51
What is the remainder when 193 is divided by 68?
57
Calculate the remainder when 120 is divided by 66.
54
What is the remainder when 1371 is divided by 448?
27
Calculate the remainder when 122 is divided by 19.
8
What is the remainder when 116 is divided by 30?
26
What is the remainder when 323 is divided by 151?
21
What is the remainder when 9196 is divided by 10?
6
What is the remainder when 492 is divided by 241?
10
What is the remainder when 1055 is divided by 32?
31
What is the remainder when 265 is divided by 27?
22
What is the remainder when 6347 is divided by 127?
124
What is the remainder when 1009 is divided by 496?
17
What is the remainder when 811 is divided by 22?
19
What is the remainder when 336 is divided by 3?
0
Calculate the remainder when 6977 is divided by 870.
17
What is the remainder when 4414 is divided by 65?
59
What is the remainder when 723 is divided by 27?
21
Calculate the remainder when 23 is divided by 8.
7
Calculate the remainder when 86 is divided by 41.
4
Calculate the remainder when 235 is divided by 84.
67
Calculate the remainder when 2683 is divided by 2658.
25
What is the remainder when 96 is divided by 20?
16
What is the remainder when 172 is divided by 83?
6
Calculate the remainder when 1004 is divided by 15.
14
What is the remainder when 180 is divided by 161?
19
Calculate the remainder when 497 is divided by 42.
35
What is the remainder when 4628 is divided by 12?
8
Calculate the remainder when 184 is divided by 27.
22
Calculate the remainder when 713 is divided by 119.
118
Calculate the remainder when 24716 is divided by 17.
15
Calculate the remainder when 61 is divided by 7.
5
What is the remainder when 1388 is divided by 139?
137
Calculate the remainder when 97 is divided by 34.
29
What is the remainder when 439 is divided by 55?
54
Calculate the remainder when 1649 is divided by 136.
17
What is the remainder when 648 is divided by 32?
8
Calculate the remainder when 113 is divided by 29.
26
Calculate the remainder when 184 is divided by 65.
54
Calculate the remainder when 1044 is divided by 95.
94
Calculate the remainder when 193 is divided by 18.
13
Calculate the remainder when 91 is divided by 47.
44
Calculate the remainder when 4204 is divided by 108.
100
Calculate the remainder when 239 is divided by 27.
23
Calculate the remainder when 1230 is divided by 26.
8
Calculate the remainder when 3071 is divided by 96.
95
Calculate the remainder when 1435 is divided by 288.
283
Calculate the remainder when 392 is divided by 56.
0
Calculate the remainder when 30 is divided by 19.
11
Calculate the remainder when 77 is divided by 4.
1
What is the remainder when 879 is divided by 44?
43
Calculate the remainder when 6236 is divided by 104.
100
Calculate the remainder when 465 is divided by 152.
9
Calculate the remainder when 490 is divided by 39.
22
What is the remainder when 791 is divided by 72?
71
Calculate the remainder when 2185 is divided by 722.
19
Calculate the remainder when 68 is divided by 49.
19
What is the remainder when 418 is divided by 84?
82
What is the remainder when 83 is divided by 69?
14
What is the remainder when 325 is divided by 33?
28
Calculate the remainder when 11112 is divided by 95.
92
Calculate the remainder when 65 is divided by 11.
10
Calculate the remainder when 372 is divided by 11.
9
Calculate the remainder when 328 is divided by 13.
3
What is the remainder when 2000 is divided by 26?
24
What is the remainder when 2658 is divided by 38?
36
Calculate the remainder when 2422 is divided by 12.
10
What is the remainder when 70 is divided by 56?
14
Calculate the remainder when 201 is divided by 50.
1
Calculate the remainder when 251 is divided by 207.
44
What is the remainder when 1039 is divided by 260?
259
Calculate the remainder when 600 is divided by 198.
6
Calculate the remainder when 815 is divided by 290.
235
What is the remainder when 712 is divided by 11?
8
Calculate the remainder when 90 is divided by 42.
6
Calculate the remainder when 12 is divided by 8.
4
What is the remainder when 3187 is divided by 12?
7
Calculate the remainder when 1212 is divided by 45.
42
What is the remainder when 71 is divided by 12?
11
What is the remainder when 859 is divided by 263?
70
What is the remainder when 152 is divided by 12?
8
Calculate the remainder when 239 is divided by 9.
5
Calculate the remainder when 1509 is divided by 17.
13
Calculate the remainder when 705 is divided by 66.
45
Calculate the remainder when 246 is divided by 51.
42
What is the remainder when 857 is divided by 172?
169
Calculate the remainder when 2618 is divided by 372.
14
Calculate the remainder when 2907 is divided by 71.
67
Calculate the remainder when 344 is divided by 200.
144
Calculate the remainder when 672 is divided by 52.
48
What is the remainder when 303 is divided by 12?
3
What is the remainder when 288 is divided by 142?
4
What is the remainder when 4533 is divided by 377?
9
Calculate the remainder when 1071 is divided by 245.
91
What is the remainder when 1788 is divided by 6?
0
Calculate the remainder when 25 is divided by 8.
1
Calculate the remainder when 504 is divided by 65.
49
What is the remainder when 3825 is divided by 2?
1
What is the remainder when 1271 is divided by 159?
158
What is the remainder when 309 is divided by 31?
30
What is the remainder when 30 is divided by 11?
8
What is the remainder when 181 is divided by 62?
57
Calculate the remainder when 19881 is divided by 30.
21
Calculate the remainder when 44 is divided by 12.
8
What is the remainder when 68 is divided by 35?
33
Calculate the remainder when 125 is divided by 66.
59
What is the remainder when 12 is divided by 9?
3
Calculate the remainder when 58 is divided by 31.
27
Calculate the remainder when 118 is divided by 23.
3
What is the remainder when 453 is divided by 165?
123
What is the remainder when 339 is divided by 114?
111
What is the remainder when 1490 is divided by 492?
14
What is the remainder when 224 is divided by 9?
8
What is the remainder when 772 is divided by 95?
12
What is the remainder when 526 is divided by 289?
237
What is the remainder when 699 is divided by 76?
15
What is the remainder when 10 is divided by 4?
2
What is the remainder when 7498 is divided by 150?
148
Calculate the remainder when 21471 is divided by 244.
243
What is the remainder when 60 is divided by 46?
14
Calculate the remainder when 12 is divided by 9.
3
What is the remainder when 2294 is divided by 164?
162
Calculate the remainder when 1219 is divided by 277.
111
What is the remainder when 3062 is divided by 14?
10
Calculate the remainder when 427 is divided by 39.
37
What is the remainder when 158 is divided by 18?
14
Calculate the remainder when 